{"id":4356,"date":"2019-09-24T22:50:45","date_gmt":"2019-09-25T01:50:45","guid":{"rendered":"https:\/\/www.neolo.com\/blog\/?page_id=4356"},"modified":"2020-01-15T18:24:51","modified_gmt":"2020-01-15T21:24:51","slug":"ebooks","status":"publish","type":"page","link":"https:\/\/www.neolo.com\/blog\/ebooks","title":{"rendered":"Ebooks"},"content":{"rendered":"\n<h2 class=\"wp-block-heading\">\u00bfQu\u00e9 tema te interesa?<\/h2>\n\n\n\n<p>Todo lo que deb\u00e9s saber sobre Marketing Digital<br>lo encontrar\u00e1s aqu\u00ed<\/p>\n","protected":false},"excerpt":{"rendered":"<p>\u00bfQu\u00e9 tema te interesa? Todo lo que deb\u00e9s saber sobre Marketing Digitallo encontrar\u00e1s aqu\u00ed<\/p>\n","protected":false},"author":4,"featured_media":4723,"parent":0,"menu_order":0,"comment_status":"closed","ping_status":"closed","template":"ebooks.php","meta":{"footnotes":""},"class_list":["post-4356","page","type-page","status-publish","has-post-thumbnail","hentry"],"yoast_head":"<!-- This site is optimized with the Yoast SEO plugin v25.6 - https:\/\/yoast.com\/wordpress\/plugins\/seo\/ -->\n<title>Ebooks - Neolo Blog<\/title>\n<meta name=\"robots\" content=\"noindex, follow\" \/>\n<meta property=\"og:type\" content=\"article\" \/>\n<meta property=\"og:title\" content=\"Ebooks - Neolo Blog\" \/>\n<meta property=\"og:description\" content=\"\u00bfQu\u00e9 tema te interesa? Todo lo que deb\u00e9s saber sobre Marketing Digitallo encontrar\u00e1s aqu\u00ed\" \/>\n<meta property=\"og:url\" content=\"https:\/\/www.neolo.com\/blog\/ebooks\" \/>\n<meta property=\"og:site_name\" content=\"Neolo Blog\" \/>\n<meta property=\"article:publisher\" content=\"https:\/\/www.facebook.com\/neolohosting\" \/>\n<meta property=\"article:modified_time\" content=\"2020-01-15T21:24:51+00:00\" \/>\n<meta property=\"og:image\" content=\"https:\/\/www.neolo.com\/blog\/wp-content\/uploads\/2019\/10\/header_ebook.jpg\" \/>\n\t<meta property=\"og:image:width\" content=\"1920\" \/>\n\t<meta property=\"og:image:height\" content=\"496\" \/>\n\t<meta property=\"og:image:type\" content=\"image\/jpeg\" \/>\n<meta name=\"twitter:card\" content=\"summary_large_image\" \/>\n<meta name=\"twitter:site\" content=\"@neolo\" \/>\n<script type=\"application\/ld+json\" class=\"yoast-schema-graph\">{\"@context\":\"https:\/\/schema.org\",\"@graph\":[{\"@type\":\"WebPage\",\"@id\":\"https:\/\/www.neolo.com\/blog\/ebooks\",\"url\":\"https:\/\/www.neolo.com\/blog\/ebooks\",\"name\":\"Ebooks - Neolo Blog\",\"isPartOf\":{\"@id\":\"https:\/\/www.neolo.com\/blog\/#website\"},\"primaryImageOfPage\":{\"@id\":\"https:\/\/www.neolo.com\/blog\/ebooks#primaryimage\"},\"image\":{\"@id\":\"https:\/\/www.neolo.com\/blog\/ebooks#primaryimage\"},\"thumbnailUrl\":\"https:\/\/www.neolo.com\/blog\/wp-content\/uploads\/2019\/10\/header_ebook.jpg\",\"datePublished\":\"2019-09-25T01:50:45+00:00\",\"dateModified\":\"2020-01-15T21:24:51+00:00\",\"breadcrumb\":{\"@id\":\"https:\/\/www.neolo.com\/blog\/ebooks#breadcrumb\"},\"inLanguage\":\"es\",\"potentialAction\":[{\"@type\":\"ReadAction\",\"target\":[\"https:\/\/www.neolo.com\/blog\/ebooks\"]}]},{\"@type\":\"ImageObject\",\"inLanguage\":\"es\",\"@id\":\"https:\/\/www.neolo.com\/blog\/ebooks#primaryimage\",\"url\":\"https:\/\/www.neolo.com\/blog\/wp-content\/uploads\/2019\/10\/header_ebook.jpg\",\"contentUrl\":\"https:\/\/www.neolo.com\/blog\/wp-content\/uploads\/2019\/10\/header_ebook.jpg\",\"width\":1920,\"height\":496,\"caption\":\"header\"},{\"@type\":\"BreadcrumbList\",\"@id\":\"https:\/\/www.neolo.com\/blog\/ebooks#breadcrumb\",\"itemListElement\":[{\"@type\":\"ListItem\",\"position\":1,\"name\":\"Inicio\",\"item\":\"https:\/\/www.neolo.com\/blog\"},{\"@type\":\"ListItem\",\"position\":2,\"name\":\"Ebooks\"}]},{\"@type\":\"WebSite\",\"@id\":\"https:\/\/www.neolo.com\/blog\/#website\",\"url\":\"https:\/\/www.neolo.com\/blog\/\",\"name\":\"Neolo Blog\",\"description\":\"Blog de Neolo: Dominios, Web Hosting y Marketing Digital\",\"publisher\":{\"@id\":\"https:\/\/www.neolo.com\/blog\/#organization\"},\"potentialAction\":[{\"@type\":\"SearchAction\",\"target\":{\"@type\":\"EntryPoint\",\"urlTemplate\":\"https:\/\/www.neolo.com\/blog\/?s={search_term_string}\"},\"query-input\":{\"@type\":\"PropertyValueSpecification\",\"valueRequired\":true,\"valueName\":\"search_term_string\"}}],\"inLanguage\":\"es\"},{\"@type\":\"Organization\",\"@id\":\"https:\/\/www.neolo.com\/blog\/#organization\",\"name\":\"Neolo\",\"url\":\"https:\/\/www.neolo.com\/blog\/\",\"logo\":{\"@type\":\"ImageObject\",\"inLanguage\":\"es\",\"@id\":\"https:\/\/www.neolo.com\/blog\/#\/schema\/logo\/image\/\",\"url\":\"https:\/\/www.neolo.com\/blog\/wp-content\/uploads\/2017\/07\/neolo-verde-chico.png\",\"contentUrl\":\"https:\/\/www.neolo.com\/blog\/wp-content\/uploads\/2017\/07\/neolo-verde-chico.png\",\"width\":392,\"height\":83,\"caption\":\"Neolo\"},\"image\":{\"@id\":\"https:\/\/www.neolo.com\/blog\/#\/schema\/logo\/image\/\"},\"sameAs\":[\"https:\/\/www.facebook.com\/neolohosting\",\"https:\/\/x.com\/neolo\",\"https:\/\/www.instagram.com\/neolodotcom\/\",\"https:\/\/www.linkedin.com\/company\/neolo.com\/\"]}]}<\/script>\n<!-- \/ Yoast SEO plugin. -->","yoast_head_json":{"title":"Ebooks - Neolo Blog","robots":{"index":"noindex","follow":"follow"},"og_type":"article","og_title":"Ebooks - Neolo Blog","og_description":"\u00bfQu\u00e9 tema te interesa? Todo lo que deb\u00e9s saber sobre Marketing Digitallo encontrar\u00e1s aqu\u00ed","og_url":"https:\/\/www.neolo.com\/blog\/ebooks","og_site_name":"Neolo Blog","article_publisher":"https:\/\/www.facebook.com\/neolohosting","article_modified_time":"2020-01-15T21:24:51+00:00","og_image":[{"width":1920,"height":496,"url":"https:\/\/www.neolo.com\/blog\/wp-content\/uploads\/2019\/10\/header_ebook.jpg","type":"image\/jpeg"}],"twitter_card":"summary_large_image","twitter_site":"@neolo","schema":{"@context":"https:\/\/schema.org","@graph":[{"@type":"WebPage","@id":"https:\/\/www.neolo.com\/blog\/ebooks","url":"https:\/\/www.neolo.com\/blog\/ebooks","name":"Ebooks - Neolo Blog","isPartOf":{"@id":"https:\/\/www.neolo.com\/blog\/#website"},"primaryImageOfPage":{"@id":"https:\/\/www.neolo.com\/blog\/ebooks#primaryimage"},"image":{"@id":"https:\/\/www.neolo.com\/blog\/ebooks#primaryimage"},"thumbnailUrl":"https:\/\/www.neolo.com\/blog\/wp-content\/uploads\/2019\/10\/header_ebook.jpg","datePublished":"2019-09-25T01:50:45+00:00","dateModified":"2020-01-15T21:24:51+00:00","breadcrumb":{"@id":"https:\/\/www.neolo.com\/blog\/ebooks#breadcrumb"},"inLanguage":"es","potentialAction":[{"@type":"ReadAction","target":["https:\/\/www.neolo.com\/blog\/ebooks"]}]},{"@type":"ImageObject","inLanguage":"es","@id":"https:\/\/www.neolo.com\/blog\/ebooks#primaryimage","url":"https:\/\/www.neolo.com\/blog\/wp-content\/uploads\/2019\/10\/header_ebook.jpg","contentUrl":"https:\/\/www.neolo.com\/blog\/wp-content\/uploads\/2019\/10\/header_ebook.jpg","width":1920,"height":496,"caption":"header"},{"@type":"BreadcrumbList","@id":"https:\/\/www.neolo.com\/blog\/ebooks#breadcrumb","itemListElement":[{"@type":"ListItem","position":1,"name":"Inicio","item":"https:\/\/www.neolo.com\/blog"},{"@type":"ListItem","position":2,"name":"Ebooks"}]},{"@type":"WebSite","@id":"https:\/\/www.neolo.com\/blog\/#website","url":"https:\/\/www.neolo.com\/blog\/","name":"Neolo Blog","description":"Blog de Neolo: Dominios, Web Hosting y Marketing Digital","publisher":{"@id":"https:\/\/www.neolo.com\/blog\/#organization"},"potentialAction":[{"@type":"SearchAction","target":{"@type":"EntryPoint","urlTemplate":"https:\/\/www.neolo.com\/blog\/?s={search_term_string}"},"query-input":{"@type":"PropertyValueSpecification","valueRequired":true,"valueName":"search_term_string"}}],"inLanguage":"es"},{"@type":"Organization","@id":"https:\/\/www.neolo.com\/blog\/#organization","name":"Neolo","url":"https:\/\/www.neolo.com\/blog\/","logo":{"@type":"ImageObject","inLanguage":"es","@id":"https:\/\/www.neolo.com\/blog\/#\/schema\/logo\/image\/","url":"https:\/\/www.neolo.com\/blog\/wp-content\/uploads\/2017\/07\/neolo-verde-chico.png","contentUrl":"https:\/\/www.neolo.com\/blog\/wp-content\/uploads\/2017\/07\/neolo-verde-chico.png","width":392,"height":83,"caption":"Neolo"},"image":{"@id":"https:\/\/www.neolo.com\/blog\/#\/schema\/logo\/image\/"},"sameAs":["https:\/\/www.facebook.com\/neolohosting","https:\/\/x.com\/neolo","https:\/\/www.instagram.com\/neolodotcom\/","https:\/\/www.linkedin.com\/company\/neolo.com\/"]}]}},"_links":{"self":[{"href":"https:\/\/www.neolo.com\/blog\/wp-json\/wp\/v2\/pages\/4356","targetHints":{"allow":["GET"]}}],"collection":[{"href":"https:\/\/www.neolo.com\/blog\/wp-json\/wp\/v2\/pages"}],"about":[{"href":"https:\/\/www.neolo.com\/blog\/wp-json\/wp\/v2\/types\/page"}],"author":[{"embeddable":true,"href":"https:\/\/www.neolo.com\/blog\/wp-json\/wp\/v2\/users\/4"}],"replies":[{"embeddable":true,"href":"https:\/\/www.neolo.com\/blog\/wp-json\/wp\/v2\/comments?post=4356"}],"version-history":[{"count":3,"href":"https:\/\/www.neolo.com\/blog\/wp-json\/wp\/v2\/pages\/4356\/revisions"}],"predecessor-version":[{"id":4492,"href":"https:\/\/www.neolo.com\/blog\/wp-json\/wp\/v2\/pages\/4356\/revisions\/4492"}],"wp:featuredmedia":[{"embeddable":true,"href":"https:\/\/www.neolo.com\/blog\/wp-json\/wp\/v2\/media\/4723"}],"wp:attachment":[{"href":"https:\/\/www.neolo.com\/blog\/wp-json\/wp\/v2\/media?parent=4356"}],"curies":[{"name":"wp","href":"https:\/\/api.w.org\/{rel}","templated":true}]}}